793 prime?
False
Is 18191957785 a prime number?
False
Is 3236198117 composite?
False
Is 5993125399 prime?
True
Is 2206278485 a composite number?
True
Is 130966440973 prime?
True
Is 626758477 composite?
False
Is 217309063 a prime number?
False
Is 4709663303 prime?
True
Is 3305253941 a composite number?
True
Is 2113878361 prime?
False
Is 209627939 a composite number?
False
Is 62715830213 a composite number?
False
Is 101171849 a prime number?
True
Is 2266691461 a composite number?
False
Is 58713026861 a composite number?
True
Is 10815053 a prime number?
False
Is 102189311527 prime?
False
Is 750512857 prime?
False
Is 8907497 a composite number?
False
Is 17209956367 composite?
False
Is 371487779 composite?
True
Is 79888348783 a composite number?
True
Is 9360124063 a prime number?
False
Is 244270967 prime?
True
Is 400511509 prime?
True
Is 3057040697 a prime number?
True
Is 1494708371 a composite number?
True
Is 517097773 composite?
False
Is 12457934233 composite?
False
Is 2532328723 composite?
False
Is 53745451 a composite number?
True
Is 217743517 prime?
True
Is 1039215769 composite?
False
Is 280695257 a prime number?
True
Is 4787236018 a prime number?
False
Is 1034423989 prime?
False
Is 4520667059 a composite number?
True
Is 91280459033 a composite number?
False
Is 73481927731 a prime number?
True
Is 5191753543 a composite number?
True
Is 18931744669 composite?
False
Is 5469276381 a composite number?
True
Is 7585189741 prime?
True
Is 77594827 a prime number?
False
Is 584943917 prime?
True
Is 714586231 prime?
True
Is 33232006387 a prime number?
False
Is 78800204627 a composite number?
True
Is 21723607357 composite?
True
Is 64275348289 prime?
True
Is 5654179121 composite?
True
Is 1313935081 a composite number?
True
Is 58704464593 a composite number?
True
Is 5814501817 prime?
True
Is 20964233291 a composite number?
True
Is 958376413 a prime number?
False
Is 315211003 prime?
False
Is 3189356161 prime?
True
Is 14774034071 a prime number?
True
Is 8794786201 prime?
True
Is 783294561573 a prime number?
False
Is 35822136745 prime?
False
Is 190661964083 a composite number?
False
Is 4638217417 composite?
False
Is 89591339 a prime number?
False
Is 1786898429 a prime number?
True
Is 101179866607 composite?
False
Is 457406167 a prime number?
True
Is 283155407 a composite number?
False
Is 7755313217 prime?
True
Is 41053633193 prime?
False
Is 683955397 a composite number?
True
Is 1452184891 composite?
True
Is 2653489851 composite?
True
Is 63424759207 a prime number?
True
Is 622964633 a prime number?
True
Is 18075126107 composite?
True
Is 4451085827 prime?
False
Is 92487847 prime?
False
Is 2863896247 composite?
True
Is 1330884349 prime?
True
Is 3710185709 prime?
False
Is 7087104539 composite?
False
Is 1270826285 prime?
False
Is 3502542305 a prime number?
False
Is 307026323 a prime number?
True
Is 33356889817 a composite number?
True
Is 26429177 a composite number?
True
Is 4977702991 composite?
False
Is 5966652919 composite?
True
Is 12492955217 composite?
False
Is 776187651 a composite number?
True
Is 349322599 a composite number?
False
Is 8152755869 prime?
True
Is 36938126261 a composite number?
False
Is 11306636767 prime?
True
Is 15269657133 composite?
True
Is 87083766887 a prime number?
False
Is 1030837349 a prime number?
True
Is 1304190101 composite?
False
Is 84015643741 prime?
True
Is 49380905293 a composite number?
True
Is 3813351793 a composite number?
False
Is 115612259761 a composite number?
False
Is 216447931079 a prime number?
False
Is 16466877271 a composite number?
True
Is 21105983857 prime?
False
Is 4539620459 prime?
False
Is 6363768193 a composite number?
False
Is 9583631111 a prime number?
True
Is 1990171219 a prime number?
False
Is 91060979741 prime?
True
Is 117601969 a composite number?
False
Is 54299125291 prime?
True
Is 128907629 prime?
True
Is 4232715983 prime?
True
Is 1613238623 composite?
False
Is 12220696333 composite?
True
Is 645506867 prime?
False
Is 3759941461 composite?
False
Is 39655410203 composite?
False
Is 2083490455 prime?
False
Is 7874827831 a prime number?
False
Is 319866403 composite?
False
Is 320346357 a prime number?
False
Is 1132206067 composite?
True
Is 338370283 composite?
False
Is 5112572807 a composite number?
True
Is 61381811 composite?
False
Is 3067332161 a prime number?
True
Is 15690401663 a prime number?
True
Is 3793589159 a composite number?
False
Is 85310044201 a prime number?
True
Is 2844000647 a prime number?
True
Is 691898957 prime?
True
Is 18417320081 a prime number?
False
Is 194309683 a composite number?
True
Is 35510569573 prime?
False
Is 946577837 composite?
True
Is 798564203 composite?
True
Is 297564581 a prime number?
True
Is 1871246201 a composite number?
True
Is 145767319 a prime number?
True
Is 420076963 a prime number?
True
Is 13894267451 prime?
True
Is 7629454927 composite?
False
Is 8644988059 prime?
False
Is 68065247 composite?
False
Is 218423357 prime?
True
Is 18547523 composite?
False
Is 10319672543 prime?
False
Is 923814061 composite?
True
Is 14489042801 composite?
True
Is 117446541727 composite?
True
Is 141262976527 a composite number?
True
Is 4056416695 composite?
True
Is 1415021849 a prime number?
True
Is 143584235321 prime?
True
Is 655712947 composite?
False
Is 694825567 a composite number?
False
Is 411021311 prime?
False
Is 932760991 composite?
False
Is 36952881779 composite?
True
Is 979102259 a composite number?
False
Is 770160997 a composite number?
True
Is 659374031 composite?
False
Is 50061561995 a prime number?
False
Is 2113555457 prime?
False
Is 43867321327 a composite number?
True
Is 7244592547 a composite number?
False
Is 9644673173 prime?
False
Is 3160629217 a composite number?
False
Is 180100259983 prime?
False
Is 112698508987 prime?
False
Is 3144892669 composite?
False
Is 249560547089 a composite number?
True
Is 19246219319 a composite number?
True
Is 2011572643 prime?
True
Is 411635797427 a prime number?
False
Is 1762321747 a composite number?
False
Is 572375239 a prime number?
False
Is 3291310999 a composite number?
False
Is 616967977 a prime number?
True
Is 169538081 prime?
False
Is 1622001047 composite?
False
Is 4080539251 composite?
False
Is 319588320041 a composite number?
False
Is 2143117443 prime?
False
Is 52891061101 prime?
False
Is 18219683017 a composite number?
True
Is 152855623 prime?
False
Is 1627821463 a prime number?
False
Is 223600207 prime?
False
Is 15465856069 prime?
False
Is 64016587379 prime?
False
Is 92710940381 prime?
True
Is 75995265821 a composite number?
False
Is 571331147 a composite number?
True
Is 1481146967 a composite number?
False
Is 27586185577 a prime number?
False
Is 1466614057 composite?
False
Is 246303188839 prime?
True
Is 1240371287 composite?
True
Is 7994670559 a prime number?
True
Is 569017093 a prime number?
True
Is 1279120063 prime?
False
Is 494506423 prime?
True
Is 32884024297 a prime number?
True
Is 207703079159 a composite number?
False
Is 1546880129 composite?
True
Is 17339007641 prime?
True
Is 1782403529 a prime number?
False
Is 445805753 a prime number?
True
Is 1010196311 a composite number?
True
Is 5786683883 a prime number?
False
Is 707958079 composite?
False
Is 2523694843 a prime number?
True
Is 3005807641 prime?
False
Is 12963543799 a prime number?
True
Is 4307235131 composite?
False
Is 26752715603 prime?
True
Is 1890236566 composite?
True
Is 449644147 prime?
True
Is 2438736521 a composite number?
True
Is 9989444833 prime?
True
Is 96255806939 a prime number?
True
Is 258007177 composite?
True
Is 2781840197 prime?
True
Is 5831088353 prime?
False
Is 934645409 prime?
False
Is 3834900653 a composite number?
True
Is 22773569477 prime?
False
Is 5428487 prime?
True
Is 177992474609 composite?
True
Is 26928531457 a prime number?
False
Is 95402538701 prime?
True
Is 140071991 a prime number?
False
Is 13742747939 prime?
True
Is 1587060323 prime?
True
Is 929738863 prime?
True
Is 268073891 prime?
False
Is 194460281 a composite number?
False
Is 9528089819 a prime number?
True
Is 559498431 composite?
True
Is 10737492841 composite?
False
Is 656995061 a prime number?
True
Is 7092884899 composite?
True
Is 900788003 a prime number?
False
Is 16085187373 composite?
True
Is 7165223921 a composite number?
False
Is 33859378801 a prime number?
False
Is 3